8 and 2763?
307
Calculate the highest common factor of 93 and 248.
31
What is the highest common factor of 1784 and 12?
4
Calculate the highest common factor of 8 and 232.
8
Calculate the highest common factor of 18 and 306.
18
What is the highest common divisor of 3024 and 210?
42
Calculate the highest common factor of 11 and 121.
11
Calculate the highest common factor of 120 and 20.
20
Calculate the highest common factor of 3588 and 117.
39
What is the greatest common divisor of 148 and 111?
37
Calculate the greatest common divisor of 8 and 28.
4
What is the greatest common factor of 1917 and 142?
71
What is the highest common divisor of 12 and 54?
6
Calculate the highest common divisor of 176 and 308.
44
Calculate the highest common factor of 27 and 189.
27
Calculate the highest common factor of 3724 and 152.
76
What is the greatest common divisor of 57136 and 16?
16
Calculate the highest common divisor of 406 and 14.
14
Calculate the highest common divisor of 3122 and 448.
14
What is the greatest common divisor of 198 and 258?
6
Calculate the highest common divisor of 391 and 115.
23
Calculate the highest common factor of 12 and 1104.
12
What is the greatest common factor of 93 and 93?
93
Calculate the highest common factor of 119 and 133.
7
Calculate the greatest common divisor of 31 and 279.
31
Calculate the greatest common factor of 170 and 442.
34
Calculate the greatest common factor of 900 and 435.
15
What is the highest common factor of 210 and 9485?
35
Calculate the highest common factor of 1568 and 98.
98
What is the highest common factor of 699 and 15?
3
Calculate the highest common factor of 2 and 438.
2
What is the highest common divisor of 657 and 873?
9
What is the greatest common divisor of 135 and 2400?
15
Calculate the greatest common factor of 63 and 12663.
63
What is the greatest common divisor of 26 and 104?
26
What is the highest common divisor of 1911 and 231?
21
What is the greatest common factor of 67 and 43081?
67
What is the greatest common factor of 608 and 589?
19
Calculate the greatest common factor of 184 and 23.
23
Calculate the highest common factor of 1032 and 9632.
344
Calculate the greatest common divisor of 406 and 154.
14
Calculate the greatest common divisor of 4745 and 4015.
365
What is the greatest common factor of 8950 and 15?
5
What is the highest common factor of 58 and 74?
2
What is the greatest common divisor of 204 and 17646?
102
Calculate the highest common divisor of 20 and 308.
4
What is the greatest common factor of 2071 and 38?
19
Calculate the highest common divisor of 2782 and 26.
26
Calculate the highest common factor of 336 and 21.
21
Calculate the greatest common factor of 221 and 104.
13
Calculate the highest common divisor of 1258 and 68.
34
Calculate the greatest common factor of 3 and 1083.
3
Calculate the highest common factor of 231 and 77.
77
Calculate the greatest common factor of 3 and 14.
1
Calculate the greatest common divisor of 124 and 68.
4
Calculate the greatest common factor of 147 and 2499.
147
What is the highest common divisor of 90 and 1210?
10
What is the greatest common divisor of 89 and 1157?
89
What is the greatest common factor of 560 and 105?
35
What is the highest common divisor of 748 and 4?
4
Calculate the highest common factor of 352 and 528.
176
Calculate the highest common factor of 55 and 33.
11
Calculate the highest common divisor of 171 and 57.
57
Calculate the highest common divisor of 2828 and 21.
7
Calculate the greatest common divisor of 2324 and 498.
166
Calculate the highest common divisor of 6 and 1446.
6
What is the highest common divisor of 160 and 80?
80
Calculate the highest common factor of 24 and 57.
3
Calculate the highest common factor of 105 and 945.
105
Calculate the highest common divisor of 90 and 27.
9
Calculate the greatest common divisor of 598 and 46.
46
Calculate the greatest common factor of 13 and 5291.
13
What is the greatest common factor of 1333 and 43?
43
Calculate the highest common divisor of 264 and 96.
24
What is the greatest common factor of 716 and 3401?
179
Calculate the highest common factor of 6370 and 630.
70
What is the highest common divisor of 246 and 82?
82
Calculate the highest common factor of 31 and 1705.
31
Calculate the highest common divisor of 618 and 4532.
206
What is the highest common factor of 12 and 69?
3
What is the highest common factor of 286 and 110?
22
What is the highest common divisor of 880 and 590?
10
Calculate the greatest common divisor of 732 and 1248.
12
What is the highest common factor of 3151 and 685?
137
Calculate the greatest common divisor of 9016 and 112.
56
What is the greatest common factor of 7 and 77?
7
Calculate the greatest common factor of 165 and 2655.
15
What is the greatest common divisor of 173 and 20933?
173
What is the greatest common factor of 529 and 2?
1
Calculate the highest common divisor of 136 and 37128.
136
What is the highest common factor of 16 and 72?
8
What is the highest common factor of 96 and 3912?
24
Calculate the highest common factor of 11 and 8.
1
What is the greatest common factor of 30 and 730?
10
Calculate the greatest common factor of 7025 and 562.
281
What is the highest common divisor of 200 and 925?
25
Calculate the highest common divisor of 5432 and 70.
14
Calculate the greatest common factor of 536 and 670.
134
Calculate the greatest common factor of 174 and 2.
2
Calculate the greatest common factor of 510 and 153.
51
What is the greatest common divisor of 1139 and 2077?
67
Calculate the highest common factor of 3510 and 130.
130
Calculate the highest common factor of 1404 and 48.
12
What is the greatest common divisor of 50 and 89350?
50
What is the highest common divisor of 1738 and 66?
22
What is the highest common factor of 1313 and 104?
13
Calculate the greatest common divisor of 17745 and 26.
13
What is the greatest common factor of 215 and 16512?
43
Calculate the highest common divisor of 7476 and 21.
21
Calculate the greatest common divisor of 3034 and 74.
74
Calculate the highest common factor of 210 and 770.
70
Calculate the highest common divisor of 75 and 125.
25
What is the greatest common factor of 24 and 18?
6
Calculate the greatest common factor of 5856 and 192.
96
Calculate the greatest common factor of 202 and 12625.
101
Calculate the highest common divisor of 68 and 612.
68
Calculate the highest common divisor of 12 and 3228.
12
Calculate the greatest common factor of 49 and 3479.
49
What is the highest common factor of 2736 and 513?
171
Calculate the highest common divisor of 48 and 24.
24
What is the highest common divisor of 33733 and 61?
61
Calculate the highest common divisor of 125 and 25.
25
Calculate the greatest common factor of 1398 and 12.
6
Calculate the greatest common divisor of 58 and 11107.
29
What is the highest common divisor of 2436 and 672?
84
What is the greatest common factor of 497 and 71?
71
What is the greatest common factor of 1330 and 490?
70
What is the highest common divisor of 256 and 3?
1
Calculate the highest common divisor of 330 and 2430.
30
What is the highest common divisor of 5 and 47?
1
Calculate the highest common factor of 52 and 13.
13
Calculate the highest common divisor of 21622 and 38.
38
Calculate the greatest common factor of 385 and 825.
55
What is the greatest common divisor of 18424 and 188?
188
Calculate the greatest common divisor of 111 and 1184.
37
What is the highest common divisor of 12 and 68?
4
What is the greatest common factor of 1887 and 148?
37
What is the greatest common factor of 245 and 315?
35
What is the highest common divisor of 351 and 39?
39
Calculate the highest common divisor of 2421 and 9.
9
Calculate the highest common divisor of 305 and 1037.
61
Calculate the greatest common divisor of 2410 and 40.
10
Calculate the highest common factor of 50 and 260.
10
What is the greatest common factor of 3 and 3633?
3
Calculate the highest common factor of 13 and 15132.
13
Calculate the highest common factor of 42 and 4382.
14
Calculate the highest common factor of 235 and 35.
5
What is the highest common factor of 175 and 455?
35
What is the greatest common factor of 96 and 564?
12
Calculate the greatest common divisor of 9545 and 345.
115
What is the 